 (3 - -5)) + 5)?
18
Calculate -2 + (2 + 7 - 2) - (-4 + 4).
5
Evaluate (3 - 11 - (-9 - -1)) + (-1 - -4).
3
What is the value of (-26 - 10) + 10 - (-5 - -5) - 5?
-31
Calculate -17 - (2 - (7 + -2)) - (144 - 152).
-6
Calculate (1 - -3) + 27 + -27.
4
What is 47 - (17 + 26 - 17)?
21
Calculate (-8 - 24) + 8 - (-7 + 5).
-22
Evaluate 5 + (-7 - (-6 + -8 + 11)) - 0.
1
Evaluate 16 - (23 - 25) - (-4 + 8).
14
What is 19 - 40 - (-3 + -4)?
-14
Evaluate (2 - (-5 + (1 - (4 - 2)))) + 0.
8
What is the value of (18 - (0 - -10)) + -2 + -3?
3
What is the value of -15 - (-51 - (-12 + 9 + -14))?
19
What is (36 - 44) + (-6 - (-2 - 0))?
-12
Evaluate -2 + 26 - (-25 + 31 - 5).
23
Calculate -8 - (17 - (26 + -19)).
-18
(-21 - -7) + 7 + -1 + -4
-12
Calculate -13 + (19 - (-14 + 20)).
0
(-13 - 14) + 17 + 9
-1
Calculate 11 + (0 - 17) + -5.
-11
What is -43 + (-37 - -123) + -6?
37
What is -6 + 1 + (0 - 10) + 54 + -34?
5
What is the value of (1 - 0) + -11 - (237 - 228)?
-19
3 + 18 + -28 + -4
-11
Calculate -32 - -24 - (-1 + -9) - (-1 - 0).
3
-12 - 0 - (23 + (-11 - 16))
-8
What is -10 + 31 - -3 - 31?
-7
Evaluate (1 + -3 - 10) + 3 + -1 + -4.
-14
Calculate (4 - -2) + 47 + -52 + 0 + -4.
-3
(-1 - 4 - (17 + -24)) + (0 - 28)
-26
-56 + 37 + (9 - -42)
32
9 + (12 - 25) + -7
-11
What is the value of -18 + (11 - 16) + 9?
-14
Evaluate (-8 - -15) + -9 + (-5 - 8).
-15
Evaluate 1 + 2 + 1 + -3 + -25 + 4.
-20
Calculate -8 + 1 + 5 + (0 - (-3 + 7)).
-6
What is the value of -2 + (3 - 2) + -203 + 199?
-5
(9 - 8 - (0 + -6)) + -15
-8
What is 21 + (-24 - 21) + 39?
15
Calculate 216 + -219 - (-1 - 9).
7
Evaluate -185 + 148 - (-11 + 1) - (0 - 5).
-22
What is -29 + (5 - (11 - 30)) + -11?
-16
What is the value of 21 + (-53 + 16 - -6)?
-10
What is -6 - (17 - (27 + -12) - (-1 + -3))?
-12
What is the value of -102 + 102 - (2 + 1 + -3 - 5)?
5
-25 - -10 - -12 - (1 - 5)
1
Calculate 2 - (-11 - -26) - -9.
-4
Evaluate -18 + (-9 - -1) + 17.
-9
Evaluate 2 - (10 + -25 + (18 - 9)).
8
Evaluate 15 - -21 - 7 - 16.
13
Calculate 12 + -3 + -3 - 5 - -9.
10
-409 + 371 - (-19 - 1)
-18
Calculate -5 - 0 - -5 - (7 - (12 - -1)).
6
What is -17 + (5 - (18 - -15)) + 13?
-32
4 + (-1 - -1) + -9 - -5
0
What is the value of 0 + 2 - (-5 - -3) - (-1 - 2)?
7
Calculate (10 - (19 - 0)) + 16.
7
-15 + -2 + 11 - (3 + -1 + 7)
-15
What is 16 + -3 + (7 - (7 + 2)) + -2?
9
Calculate 7 + (5 + (2 - (3 + -2)) - 11).
2
Calculate (31 - 37) + (4 - 2).
-4
What is the value of 17 + (-1 + (-6 - -8) - -15)?
33
Calculate -76 + 37 + (-2 - -22).
-19
What is the value of 7 - ((-2 - -36) + 1 + -7 - 7)?
-14
Evaluate -12 - (-1 + 4) - -24.
9
What is (2 - -14) + (-36 + 24 - -6)?
10
Evaluate (75 - 54) + (-8 - 13).
0
Evaluate -8 - (-10 + 9 - 8).
1
1 - 0 - -9 - (64 - 87 - -56)
-23
Evaluate (5 - (19 - 8)) + 4.
-2
What is the value of 2 - -4 - (325 + -305)?
-14
Evaluate (10 - (2 - 4)) + -13.
-1
What is -18 + 34 - (0 + (-2 - 2) + 6)?
14
-7 + 3 - -15 - (-1 + 2)
10
(6 - (2 - 1)) + 232 + -232
5
What is the value of (-12 - -2 - (-12 + 6)) + -7?
-11
Evaluate -6 - -9 - (0 - (10 - (-5 - -5))).
13
What is the value of (0 + (14 - 4) - 6) + 5 + -9?
0
(17 - -2) + 8 + -15
12
Evaluate (-3 - -10 - 23) + 33.
17
Calculate 3 + (4 - (8 + (-6 - -3))) + -1.
1
-615 + 614 + (16 - 0)
15
-31 - (-2 - -17 - (-86 - -96) - 6)
-30
1 + -3 - (33 - 41)
6
What is the value of -2 + 5 - 6 - (-127 - -131)?
-7
Evaluate (-35 - (-22 - -10)) + -10 + 1.
-32
What is the value of -12 + (-2 - (-13 + 0)) + 15?
14
What is the value of (-6 - 0) + (2 - ((-9 - 1) + 6))?
0
What is 7 + -3 - (-10 + 3 - (-8 - -5))?
8
What is the value of 30 + -52 + -11 + -1?
-34
-1 + -23 - -1 - (18 - 32)
-9
21 - -1 - (-712 + 702)
32
Evaluate 19 - (1 - -12) - -11.
17
Calculate 1 + (1 - 24) + 13 + (37 - 48).
-20
0 + 2 + -9 + 43 + (-84 - -77)
29
-14 + 1 - -25 - (2 + 1)
9
Calculate 27 + -61 - (-2 - (6 + (8 - 16))).
-34
Calculate (21 - (14 + -8)) + -7 - 0.
8
Evaluate -12 + (-19 - -2) + 4 + 18.
-7
Calculate -2 - (1 + -9 - (-16 + 1) - 7).
-2
Calculate (10 - 1) + 12 + (-34 - 2).
-15
Calculate (64 + -49 - (-2 + 7)) + 16.
26
Evaluate (-3 + 2 - (5 + 5 - 20)) + -2.
7
14 + 5 + -1 + -11 + (-3 - 1)
3
(-13 - -50) + -11 + -9
17
Calculate -21 + (1 - -19) + (7 - 1).
5
What is the value of (11 - 2) + -1 + -3?
5
Evaluate 5 + -14 + 9 + -2.
-2
What is (3 - 1) + -7 + 2 - (9 + -10)?
-2
What is -11 + -5 - -16 - 5?
-5
What is the value of 22 + -12 + (-26 - 0) + -12?
-28
What is -6 + 8 + 9 - (-6 - 0)?
17
Evaluate (5 - -5 - 36) + 10.
-16
Calculate (-13 - -6) + -4 + 7 - 11.
-15
Evaluate (-1 - 6) + 29 + -15 + 0 - 6.
1
What is the value of -6 + -3 - (1 - -1) - (-2 + 8)?
-17
What is (7 - 2) + 6 + -21 + -2?
-12
Evaluate (-25 - 1) + (-3 - -19).
-10
10 + -3 + (-9 - -1) - -2 - 4
-3
Calculate 4 + 0 - (32 - 23) - 1.
-6
What is the value of (-8 - -14) + (2 - 0 - (-22 - -20))?
10
What is -28 - (-36 + -19 + 5)?
22
Calculate 1 + -11 + (10 - 4 - -2).
-2
What is the value of -19 - (-20 - -13) - 1?
-13
Evaluate 20 + -37 + 4 + 14.
1
294 + -294 + 0 + -16 + 0
-16
6 + (5 - 7) + -9 + 9 + -12
-8
-3 + 11 - (3 - -11)
-6
What is the value of (0 - -51) + (-105 - -72)?
18
(-2 - (6 - 11) - 2) + -4 + -11
-14
What is the value of 16 + -19 - (3 + -5 + -1 - -5)?
-5
Evaluate -283 - -286 - (14 + -1).
-10
What is -25 + 6 + 25 + -9 + 0?
-3
What is the value of 45 - 47 - (-15 + 4)?
9
What is 1 - 0 - ((3 - 4) + -6 + 3)?
5
Calculate 1 + 9 - (-8 + -4 - -24).
-2
Calculate 6 - (-2 + -1) - (-118 + 138).
-11
Calculate 1 + -3 + (-260 - -266).
4
Evaluate -17 + 21 - (1 + -6).
9
Calculate 10 - (-25 - -15) - 11.
9
Calculate -2 - (8 - -1) - (180 + -186).
-5
Calculate (-2 - 15) + 1 + (-44 - -37 - 2).
-25
Calculate -6 - (12 + -10 + -19).
11
Evaluate (-8 - -1) + (-1 + 14 - (98 - 107)).
15
Calculate -1 + (4 - (0 + -6)) + -4.
5
What is -4 + -28 - -19 - (1 + -31)?
17
What is 1 - ((-6 - -16) + -9)?
0
Evaluate 17 - 6 - 14 - 15.
-18
Evaluate (-126 - -59) + 100 - (-5 - (1 - 2)).
37
Calculate (-6 - -1) + -1 + -15 + (23 - -1).
3
What is (0 - 27) + (719 - 686)?
6
What is 384 - 383 - (-3 + -26 + 2)?
28
Calculate -3 + 2 + -23 + 15.
-9
Evaluate 1 + -7 - (3 - (-8 + 1 + -5)).
-21
Evaluate (-12 - 17) + (36 - 13).
-6
-2 + 14 - (11 - 12 - (-13 - -6))
6
Evaluate 10 - (34 - 2 - 18).
-4
What is the value of 8 + (-2 - 1 - -5 - (4 + 0))?
6
Calculate -19 + 8 + -5 + -2.
-18
What is 4 + -7 - 5 - 7?
-15
Evaluate 0 - 4 - (6 - (0 + -6)).
-16
Calculate -55 - -58 - -13 - (-1 + -9 + 0).
26
What is the value of 2 + -13 + (4 - -32 - 31)?
-6
What is 1091 + -1084 - (17 - -2)?
-12
What is the value of (-10 - 1) + -3 - (3 + -7 + -2)?
-8
Calculate 0 + 9 + (28 - 36) - -10.
11
Evaluate 3 + -2 + (14 - 10) - 12.
-7
What is 0 - (8 + 0 + -11 - (12 + -14))?
1
Evaluate -4 + -5 + -5 + -2 + -4 + 9.
-11
What is 5 + -141 + 132 + 3 + (0 - 1)?
-2
What is (-17 - (-8 + -3)) + 3?
-3
-51 + 27 - (24 + -46)
-2
4 - 0 - (10 + (-19 - -13)) - 16
-16
Calculate -21 - (-18 - 23) - 19.
1
What is the value of -8 - (-23 + 0 - (-3 - (-21 + 16)))?
17
What is 9 + (-18 - 7) - -6?
-10
What is -8 - ((-4 - (9 - -3)) + 13)?
-5
What is the value of 14 + (-17 - (20 + -26))?
3
Calculate -6 - ((-10 - -15) + -11) - (-2 - 2).
4
Calculate -14 - (-9 - (-13 - (5 - 15))).
-8
What is 11 - ((11 - (-12 - -1)) + -9)?
-2
17 - (10 - (-2 + 5 + 10))
20
What is (-2 - -29) + (-35 - -27) + -8?
11
11 + (3 - (6 - (-4 + 5))) + -7
2
Evaluate -6 + 1 + -1 + (5 - 3 - 0).
-4
-31 + 2 + (18 - (32 - 15))
-28
What is the value of 5 - 11 - 3 - (-12 - -2)?
1
Calculate 5 - (4 - 5 - ((4 - 9) + 7)).
8
(12 - 18) + 8 - 7
-5
What is the value of 22 + (-78 - -35) + 6?
-15
-14 + 21 - (-11 + 2 + 0)
16
What is (-22 - -35) + (-5 - -4)?
12
What is the value of -2 + 22 - (-128 + 146)?
2
What is 18 + (9 - 11) + -6?
10
8 - 0 - (296 - 299)
11
Calculate -3 + -4 + 9 + 8 + 13.
23
-15 + (-3 - -6) - -6
-6
What is (53 - 28) + (-8 - -5)?
22
What is the value of 45 + -46 - ((0 - -2) + 2)?
-5
Calculate (1 - (11 - -2)) + 22 + -32 + 3.
-19
What is the value of 13 - (12 - (-30 - -27))?
-2
Calculate -1 + 3 - 13 - (8 + 4).
-23
Evaluate 4 + (-23 - (44 + -49 + 1 + -2)).
-13
What is the value of -40 - -1 - (2805 - 2837)?
-7
Evaluate -3 - -3 - (-11 - (12 - (15 - 8))).
16
(3045 - 3083) + (14 - (-2 - -2))
-24
What is the value of 0 + -43 + (-115 - -55 - -73)?
-30
Calculate 227 + -206 + -4 + -15.
2
Evaluate -2 + (12 - (-7 + 7 + 8)) + -11.
-9
What is 1 + -10 + (164 - 168)?